= 11679 - 7234. What is the tens digit of d?
4
What is the units digit of (671776/(-70))/(9/(-3 + -42))?
4
Let m = -4285 + 6300. What is the hundreds digit of m?
0
Let c = -427 + 929. Suppose -5*x + c = -2648. What is the tens digit of x?
3
Suppose 0*d - 33 = -3*d - 4*b, 0 = -d - 2*b + 13. Suppose 5*c - d = 2*i, -2*i - 21 = -5*i - 3*c. What is the units digit of (-35)/(-21) + i/(-6)?
1
Let l be (-99)/3 - (3 + (-2 - 2)). Let w be 526/(-3)*48/l. Suppose -4*j - 75 = 4*c - w, -c = -5*j - 59. What is the tens digit of c?
4
Let c = 214 - 79. Suppose 4*n - c = 5*z, 0 = -3*z + 2*z - 4*n - 27. Let b = z + 53. What is the tens digit of b?
2
Let j(x) = x**2 + 19*x - 87. Let v be j(4). Let q(n) = n**2 + 7*n + 15. What is the tens digit of q(v)?
7
Let a(h) = 3*h**2 + 3*h + 50. Let t be a(11). Suppose 0*d = 4*f - 3*d - t, 2*f + 5*d - 210 = 0. What is the units digit of f?
0
Let a = -22338 + 53964. What is the hundreds digit of a?
6
Let i = 699 - 195. Suppose 11*j = -3*j + i. What is the tens digit of j?
3
Suppose -18649 = -9*i + 11069. What is the tens digit of i?
0
Suppose -16*h + 113355 = -7*h + 2*h. What is the hundreds digit of h?
3
Suppose -467*w + 31*w + 1782188 = -3434116. What is the hundreds digit of w?
9
Let z(w) be the first derivative of -28*w**2 - 4*w - 25. Let l be z(2). Let c = 15 - l. What is the hundreds digit of c?
1
Suppose 5*d + 193*s - 38748 = 191*s, 3*d + 2*s - 23248 = 0. What is the thousands digit of d?
7
Let b = 34 + -9. Suppose g - x = -5*x + 22, 5*x = -b. What is the units digit of g?
2
Suppose 2*f = -0*x + 3*x - 2, 0 = -x - 3*f - 3. Suppose -2*b + 90 + 24 = x. Let y = b + 73. What is the units digit of y?
0
Suppose -4*q - 35*u + 47254 = -38*u, 8 = -4*u. What is the ten thousands digit of q?
1
Let w(v) = 264*v**2 + 2*v + 221. What is the units digit of w(13)?
3
What is the ten thousands digit of 474/(-10)*(-357 - 29/((-406)/(-112)))?
1
Let k be (-4606)/(-4) - 4/(-8). Let v = k + -667. Suppose 5*q - v = 645. What is the hundreds digit of q?
2
Let y = -407 - -407. Let k(b) = -2*b**2 + 2*b + 50. What is the tens digit of k(y)?
5
Let f be -4 + (-9)/((-36)/(-8)). What is the tens digit of (f/10 - -1) + 13240/25?
3
Suppose 5*h = 9*f - 289973, f = -3*f - 5*h + 128848. What is the tens digit of f?
1
Suppose 984 = 5*h + 4*l, 17*h - 781 = 13*h + 3*l. What is the units digit of h*(0/(-5) - -2)?
2
Let m be (-1)/((4/12)/1). Let u be ((-2)/(-4))/(m/48*-2). Suppose -4*t = -10*x + 5*x - 285, 2*t = -u*x + 110. What is the units digit of t?
5
Suppose 0 = 3*y + 3*p - 82740, -2*y + 21*p = 18*p - 55160. What is the ten thousands digit of y?
2
Let b(c) = -14*c**2 - c + 11. Let l(f) = 6*f + 43. Let g be l(-8). Let a be b(g). Let v = 515 + a. What is the tens digit of v?
8
Let a(w) = -w**3 + 8*w**2 + 3*w - 9. Let t be a(8). Let b = t + -13. Suppose b*j - 4*i = 176 - 26, 3*j = 4*i + 227. What is the tens digit of j?
7
Suppose -51 = -2*p + 33. Suppose 2*m - p = -4*m. What is the units digit of (13/m + -1)*147?
6
Let q be (-2)/(-3) - (-9)/((-135)/(-110)). Suppose -q*l + 6818 = -3838. Suppose -l = 6*j - 15*j. What is the hundreds digit of j?
1
Suppose 5*v - 5*u = 45920, -5*v + 8*v + 5*u = 27584. What is the thousands digit of v?
9
Suppose 0 = 3*q - q - 254. Suppose 4*j - 20 = 3*a, 3*j - 5*j - 8 = 3*a. Suppose j*r = q - 3. What is the tens digit of r?
6
Suppose 51*n - 329371 = 16*n + 149884. What is the tens digit of n?
9
Let u(m) = 16*m - 3. Let x be u(2). Suppose 46*g = 56*g + 150. Let s = g + x. What is the tens digit of s?
1
Let m(l) = -674*l - 774. What is the units digit of m(-12)?
4
Suppose -416*i = -93*i + 560*i - 80564920. What is the ten thousands digit of i?
9
Let v be -4 + -1 + 12 - 3. Suppose -v*a = -c - 5075, 11 = 2*c + 1. What is the thousands digit of a?
1
Let w(x) = -2*x**2 + 9*x + 1. Let t(i) = -i**2 + 10*i + 2. Let f(d) = -3*t(d) + 4*w(d). Let z be f(4). Let o = -15 - z. What is the tens digit of o?
4
Suppose 0 = 22*p - 424 + 50. Suppose 961 + 22482 = p*v. What is the units digit of v?
9
Suppose 5*x = -5*z + 62860, -315*z + 317*z - x - 25135 = 0. What is the ten thousands digit of z?
1
Let b = 30766 - 11444. What is the hundreds digit of b?
3
Let g be -25 + 18 + 25/1. What is the units digit of (-1194)/(-8)*((-96)/g)/(-4)?
9
Let o = 1632 - -222. What is the thousands digit of o?
1
Let t(a) = -a**2 - 23*a + 206. Let n be ((-36)/(-9) + -1*6)*9. What is the tens digit of t(n)?
9
Suppose i + 28 = -27. Let f = 90 + i. Suppose -4*u = -f - 17. What is the units digit of u?
3
Suppose -j = 24*s - 26*s - 6, 4*s = 0. Let r(l) = 12*l**2 + 5*l + 3. What is the tens digit of r(j)?
6
Let u = -116 + 88. Let f(i) = i**3 + 30*i**2 + 52*i + 5. What is the tens digit of f(u)?
1
What is the thousands digit of (5 + 30/(-4))*7256/(-10)?
1
Let p(v) = -v - 26. Let x be p(-33). Suppose 6*g - x*g + 348 = 0. What is the units digit of g?
8
Let v = -128 + 129. Let y be (21 - 17)*(-38)/4. What is the tens digit of (2 + -1)/(-1*v/y)?
3
Let p = -40578 + 60850. Suppose 18*h - p = 4*h. What is the thousands digit of h?
1
Let h(x) = -4*x - 18. Let y be h(-6). What is the units digit of (y + -52)/((-2)/3)?
9
Let o = -965 - -2480. What is the units digit of o?
5
Suppose u + 4*z - 105 = -0*u, -u = -5*z - 87. Let j = 195 - u. Suppose 10*k - 122 = j. What is the tens digit of k?
2
Let f be -10*(-3)/(-6) + 113. Suppose 2*p = f - 350. What is the tens digit of (-4)/22 - 18535/p?
5
Let l = 396 + -236. Suppose 166*v - 1674 = l*v. What is the hundreds digit of v?
2
Suppose -312*s = -280*s - 746656. What is the thousands digit of s?
3
Let i(w) = -1. Let f(b) = -37*b - 33. Let k(v) = -f(v) - 2*i(v). What is the hundreds digit of k(9)?
3
Let f(k) = k + 1. Let x(v) = 3*v**2 - 12*v - 20. Let n(t) = -4*f(t) - x(t). Let m(z) be the first derivative of n(z). What is the units digit of m(-3)?
6
What is the units digit of (192/(-48) - 10281/(-4)) + 1/(-4)?
6
What is the units digit of ((-91)/(-39))/(28/236688)?
4
Let w be (-57)/(-513) + 3446/9. Suppose w = t + 64. What is the units digit of t?
9
Let p = 29105 + -17261. What is the tens digit of p?
4
Suppose -4*p + 36 = 6*r - r, 3*p + 8 = 5*r. Suppose 823 - 231 = p*b. What is the hundreds digit of b?
1
Suppose -3*v + 4*n = -2*v - 2337, 4*n + 7011 = 3*v. Let f = v - 1175. What is the thousands digit of f?
1
Let b(a) = -34*a + 408. Let c be b(13). Let r be 9/6 - (-229)/(-2). Let m = c - r. What is the units digit of m?
9
Suppose 2*m + 5*m - 56 = 0. Suppose -t = -s - 7, 0*t + m = 2*t - 4*s. What is the units digit of ((-24)/40)/((-2)/t)?
3
Suppose 15 - 36 = -7*x. Suppose -x*l + 6 = a - 2*a, 4*l = 4*a. What is the units digit of l?
3
Let h(f) = f**3 - f**2 + 3*f + 32. Suppose q - 4 = -2*z + 1, -5*z = -4*q + 33. What is the tens digit of h(q)?
4
What is the units digit of 9 - (9 + -84)*91?
4
Let v be 0 + (-328)/(-28) + (-4)/(-14). Suppose 4*n - v = 4. Suppose 0 = -3*i - 4*k + 183 + 3, 2*k + 270 = n*i. What is the tens digit of i?
6
What is the units digit of ((-34)/(-3)*195852/(-19))/(3 - 5)?
2
Let d(z) = -2*z**3 - 10*z**2 - 59*z - 9. What is the units digit of d(-7)?
0
Let b = -6 + 9. Suppose b*m = 6*m. Suppose m = -2*v + 66 - 2. What is the units digit of v?
2
Let x be (((-80)/(-15))/4)/((-1)/(-3)). Let s(k) = -3*k - 2 - 3 - 12*k - x*k. What is the units digit of s(-1)?
4
Suppose -14*g + 3*f = -19*g + 51, 5*f + 27 = g. Suppose -g*o + 3537 = 15*o. What is the tens digit of o?
3
Let c be 3 + 2 + ((-12)/4 - -2). Suppose 0 = -4*a + 2*w + 2, 0 = -8*a + 3*a + c*w + 4. Suppose a = -0*n + n - 130. What is the units digit of n?
0
Let u(o) = 84*o**2 - 33*o + 182. What is the units digit of u(-23)?
7
Suppose 0 = 3*m + 4*x - 6, -4 - 6 = -5*m + 2*x. Suppose 86 = o - 0*o + n, m*o - n - 184 = 0. Suppose -o = -31*w + 28*w. What is the tens digit of w?
3
Suppose 5*q = -2*t + 4386, 4*t - 2*q - 602 = 8098. What is the thousands digit of t?
2
Let c(b) = -8*b**3 - 20*b**2 + 37*b + 90. What is the tens digit of c(-12)?
9
Let w = -208 + 270. What is the hundreds digit of w/(-10) + 6 + 4982/10?
4
Let a(g) = -g**3 + 9*g**2 + 24*g + 12. Let i be a(12). Let h = -116 - i. Suppose 0 = h*j - 19*j + 672. What is the units digit of j?
4
What is the tens digit of (-2)/(-20)*-2 - (1 - 426558/115)?
0
Suppose 5*a + 6 = 4*k - 8, k + 5*a + 9 = 0. What is the tens digit of 600/k - 